{"id":7,"date":"2019-09-06T08:50:10","date_gmt":"2019-09-06T06:50:10","guid":{"rendered":"http:\/\/stadt-adventskalender.de\/saechsischeschweiz\/?page_id=7"},"modified":"2019-09-08T11:09:07","modified_gmt":"2019-09-08T09:09:07","slug":"herzlich-willkommen","status":"publish","type":"page","link":"https:\/\/stadt-adventskalender.de\/saechsischeschweiz\/en\/","title":{"rendered":"Herzlich Willkommen"},"content":{"rendered":"<p><img loading=\"lazy\" decoding=\"async\" class=\"alignnone size-full wp-image-61\" src=\"https:\/\/stadt-adventskalender.de\/saechsischeschweiz\/wp-content\/uploads\/sites\/13\/2019\/09\/AK-elbsandstein-1000px-schatten.png\" alt=\"\" width=\"1000\" height=\"500\" srcset=\"https:\/\/stadt-adventskalender.de\/saechsischeschweiz\/wp-content\/uploads\/sites\/13\/2019\/09\/AK-elbsandstein-1000px-schatten.png 1000w, https:\/\/stadt-adventskalender.de\/saechsischeschweiz\/wp-content\/uploads\/sites\/13\/2019\/09\/AK-elbsandstein-1000px-schatten-300x150.png 300w, https:\/\/stadt-adventskalender.de\/saechsischeschweiz\/wp-content\/uploads\/sites\/13\/2019\/09\/AK-elbsandstein-1000px-schatten-768x384.png 768w\" sizes=\"auto, (max-width: 1000px) 100vw, 1000px\" \/><\/p>\n<p>Ab dem 1. Dezember 2019 \u00f6ffnet sich auf dieser Seite jeden Tag ein T\u00fcrchen und spaziert mit Ihnen durch die S\u00e4chsische Schweiz.<\/p>\n<p>Diesen und andere Adventskalender finden Sie ab Oktober im Onlineshop <a href=\"https:\/\/stadt-adventskalender.com\" target=\"_blank\" rel=\"noopener\">stadt-adventskalender.com<\/a><\/p>\n<p>M\u00f6chten Sie mehr zu den Kalendern erfahren? Dann lesen Sie <a href=\"https:\/\/stadt-adventskalender.de\/\">hier<\/a>.<br \/>\nIch freue mich auch \u00fcber eine Mail an <a href=\"ma&#105;&#108;&#116;&#x6f;&#x3a;&#x41;&#x73;tr&#105;&#100;&#95;&#x4c;&#x61;&#x6e;&#x67;e&#64;&#103;&#109;&#120;&#x2e;&#x64;&#x65;\">&#65;s&#x74;r&#x69;d&#x5f;&#76;&#x61;&#110;&#x67;&#101;&#64;&#x67;m&#x78;&#46;&#x64;&#101;<\/a><\/p>\n","protected":false},"excerpt":{"rendered":"<p>Ab dem 1. Dezember 2019 \u00f6ffnet sich auf dieser Seite jeden Tag ein T\u00fcrchen und spaziert mit Ihnen durch die S\u00e4chsische Schweiz. Diesen und andere Adventskalender finden Sie ab Oktober im Onlineshop stadt-adventskalender.com M\u00f6chten Sie mehr zu den Kalendern erfahren? Dann lesen Sie hier. Ich freue mich auch \u00fcber eine Mail an &#x41;&#x73;&#116;r&#x69;&#x64;&#95;La&#x6e;&#x67;&#101;&#64;&#x67;&#x6d;&#120;&#46;d&#x65;<\/p>\n","protected":false},"author":1,"featured_media":0,"parent":0,"menu_order":0,"comment_status":"closed","ping_status":"closed","template":"","meta":{"footnotes":""},"class_list":["post-7","page","type-page","status-publish","hentry"],"translation":{"provider":"WPGlobus","version":"3.0.0","language":"en","enabled_languages":["de","en"],"languages":{"de":{"title":true,"content":true,"excerpt":false},"en":{"title":true,"content":false,"excerpt":false}}},"publishpress_future_action":{"enabled":false,"date":"2026-05-09 10:27:03","action":"change-status","newStatus":"draft","terms":[],"taxonomy":"","extraData":[]},"publishpress_future_workflow_manual_trigger":{"enabledWorkflows":[]},"_links":{"self":[{"href":"https:\/\/stadt-adventskalender.de\/saechsischeschweiz\/en\/wp-json\/wp\/v2\/pages\/7","targetHints":{"allow":["GET"]}}],"collection":[{"href":"https:\/\/stadt-adventskalender.de\/saechsischeschweiz\/en\/wp-json\/wp\/v2\/pages"}],"about":[{"href":"https:\/\/stadt-adventskalender.de\/saechsischeschweiz\/en\/wp-json\/wp\/v2\/types\/page"}],"author":[{"embeddable":true,"href":"https:\/\/stadt-adventskalender.de\/saechsischeschweiz\/en\/wp-json\/wp\/v2\/users\/1"}],"replies":[{"embeddable":true,"href":"https:\/\/stadt-adventskalender.de\/saechsischeschweiz\/en\/wp-json\/wp\/v2\/comments?post=7"}],"version-history":[{"count":3,"href":"https:\/\/stadt-adventskalender.de\/saechsischeschweiz\/en\/wp-json\/wp\/v2\/pages\/7\/revisions"}],"predecessor-version":[{"id":121,"href":"https:\/\/stadt-adventskalender.de\/saechsischeschweiz\/en\/wp-json\/wp\/v2\/pages\/7\/revisions\/121"}],"wp:attachment":[{"href":"https:\/\/stadt-adventskalender.de\/saechsischeschweiz\/en\/wp-json\/wp\/v2\/media?parent=7"}],"curies":[{"name":"wp","href":"https:\/\/api.w.org\/{rel}","templated":true}]}}

<p><img loading="lazy" decoding="async" class="alignnone size-full wp-image-61" src="https://stadt-adventskalender.de/saechsischeschweiz/wp-content/uploads/sites/13/2019/09/AK-elbsandstein-1000px-schatten.png" alt="" width="1000" height="500" srcset="https://stadt-adventskalender.de/saechsischeschweiz/wp-content/uploads/sites/13/2019/09/AK-elbsandstein-1000px-schatten.png 1000w, https://stadt-adventskalender.de/saechsischeschweiz/wp-content/uploads/sites/13/2019/09/AK-elbsandstein-1000px-schatten-300x150.png 300w, https://stadt-adventskalender.de/saechsischeschweiz/wp-content/uploads/sites/13/2019/09/AK-elbsandstein-1000px-schatten-768x384.png 768w" sizes="auto, (max-width: 1000px) 100vw, 1000px" /></p>
<p>Ab dem 1. Dezember 2019 öffnet sich auf dieser Seite jeden Tag ein Türchen und spaziert mit Ihnen durch die Sächsische Schweiz.</p>
<p>Diesen und andere Adventskalender finden Sie ab Oktober im Onlineshop <a href="https://stadt-adventskalender.com" target="_blank" rel="noopener">stadt-adventskalender.com</a></p>
<p>Möchten Sie mehr zu den Kalendern erfahren? Dann lesen Sie <a href="https://stadt-adventskalender.de/">hier</a>.<br />
Ich freue mich auch über eine Mail an <a href="ma&#105;&#108;&#116;&#x6f;&#x3a;&#x41;&#x73;tr&#105;&#100;&#95;&#x4c;&#x61;&#x6e;&#x67;e&#64;&#103;&#109;&#120;&#x2e;&#x64;&#x65;">&#65;s&#x74;r&#x69;d&#x5f;&#76;&#x61;&#110;&#x67;&#101;&#64;&#x67;m&#x78;&#46;&#x64;&#101;</a></p>

<p>Ab dem 1. Dezember 2019 öffnet sich auf dieser Seite jeden Tag ein Türchen und spaziert mit Ihnen durch die Sächsische Schweiz. Diesen und andere Adventskalender finden Sie ab Oktober im Onlineshop stadt-adventskalender.com Möchten Sie mehr zu den Kalendern erfahren? Dann lesen Sie hier. Ich freue mich auch über eine Mail an &#x41;&#x73;&#116;r&#x69;&#x64;&#95;La&#x6e;&#x67;&#101;&#64;&#x67;&#x6d;&#120;&#46;d&#x65;</p>
