{"id":18,"date":"2022-09-07T17:47:49","date_gmt":"2022-09-07T15:47:49","guid":{"rendered":"https:\/\/stadt-adventskalender.de\/magdeburg\/?page_id=18"},"modified":"2025-05-12T09:55:20","modified_gmt":"2025-05-12T07:55:20","slug":"impressum","status":"publish","type":"page","link":"https:\/\/stadt-adventskalender.de\/magdeburg\/impressum\/","title":{"rendered":"Impressum"},"content":{"rendered":"\n<h4 class=\"wp-block-heading\">Impressum<\/h4>\n\n\n\n<p>Astrid Lange<br>inhaltlich verantwortlich gem\u00e4\u00df \u00a7 10, Absatz 3<br>MDStV: Astrid Lange<br>Finanzamt Prenzlauer Berg \/ Friedrichshain<br>Steuer-Nr: 31\/ 411 \/ 60823<\/p>\n\n\n\n<p>Astrid Lange<br>Prenzlauer Allee 149<br>10409 Berlin<br>Tel. 030 4471 5883<br>Mobil 0179 8022 221<\/p>\n\n\n\n<p>Idee, Illustration: Astrid Lange<br>Webdesign, Realisierung: Astrid Lange<\/p>\n\n\n\n<p>Trotz sorgf\u00e4ltiger inhaltlicher Kontrolle \u00fcbernehme ich keine Haftung f\u00fcr die Inhalte externer Links.<br>F\u00fcr den Inhalt der verlinkten Seiten sind ausschlie\u00dflich deren Betreiber verantwortlich.<\/p>\n","protected":false},"excerpt":{"rendered":"<p>Impressum Astrid Langeinhaltlich verantwortlich gem\u00e4\u00df \u00a7 10, Absatz 3MDStV: Astrid LangeFinanzamt Prenzlauer Berg \/ FriedrichshainSteuer-Nr: 31\/ 411 \/ 60823 Astrid LangePrenzlauer Allee 14910409 BerlinTel. 030 4471 5883Mobil 0179 8022 221 Idee, Illustration: Astrid LangeWebdesign, Realisierung: Astrid Lange Trotz sorgf\u00e4ltiger inhaltlicher Kontrolle \u00fcbernehme ich keine Haftung f\u00fcr die Inhalte externer Links.F\u00fcr den Inhalt der verlinkten Seiten &hellip; <a href=\"https:\/\/stadt-adventskalender.de\/magdeburg\/impressum\/\" class=\"more-link\"><span class=\"screen-reader-text\">Impressum<\/span> weiterlesen<\/a><\/p>\n","protected":false},"author":1,"featured_media":0,"parent":0,"menu_order":0,"comment_status":"closed","ping_status":"closed","template":"","meta":{"footnotes":""},"class_list":["post-18","page","type-page","status-publish","hentry"],"translation":{"provider":"WPGlobus","version":"3.0.0","language":"de","enabled_languages":["de","en"],"languages":{"de":{"title":true,"content":true,"excerpt":false},"en":{"title":false,"content":false,"excerpt":false}}},"publishpress_future_action":{"enabled":false,"date":"2026-05-09 02:16:19","action":"change-status","newStatus":"draft","terms":[],"taxonomy":"","extraData":[]},"publishpress_future_workflow_manual_trigger":{"enabledWorkflows":[]},"_links":{"self":[{"href":"https:\/\/stadt-adventskalender.de\/magdeburg\/wp-json\/wp\/v2\/pages\/18","targetHints":{"allow":["GET"]}}],"collection":[{"href":"https:\/\/stadt-adventskalender.de\/magdeburg\/wp-json\/wp\/v2\/pages"}],"about":[{"href":"https:\/\/stadt-adventskalender.de\/magdeburg\/wp-json\/wp\/v2\/types\/page"}],"author":[{"embeddable":true,"href":"https:\/\/stadt-adventskalender.de\/magdeburg\/wp-json\/wp\/v2\/users\/1"}],"replies":[{"embeddable":true,"href":"https:\/\/stadt-adventskalender.de\/magdeburg\/wp-json\/wp\/v2\/comments?post=18"}],"version-history":[{"count":3,"href":"https:\/\/stadt-adventskalender.de\/magdeburg\/wp-json\/wp\/v2\/pages\/18\/revisions"}],"predecessor-version":[{"id":388,"href":"https:\/\/stadt-adventskalender.de\/magdeburg\/wp-json\/wp\/v2\/pages\/18\/revisions\/388"}],"wp:attachment":[{"href":"https:\/\/stadt-adventskalender.de\/magdeburg\/wp-json\/wp\/v2\/media?parent=18"}],"curies":[{"name":"wp","href":"https:\/\/api.w.org\/{rel}","templated":true}]}}