{"id":2,"date":"2019-09-08T11:40:09","date_gmt":"2019-09-08T09:40:09","guid":{"rendered":"http:\/\/stadt-adventskalender.de\/goerlitz2019\/?page_id=2"},"modified":"2019-09-08T11:44:14","modified_gmt":"2019-09-08T09:44:14","slug":"beispiel-seite","status":"publish","type":"page","link":"https:\/\/stadt-adventskalender.de\/goerlitz2019\/en\/","title":{"rendered":"Welcome"},"content":{"rendered":"<p><img loading=\"lazy\" decoding=\"async\" class=\"alignnone size-full wp-image-6\" src=\"https:\/\/stadt-adventskalender.de\/goerlitz2019\/wp-content\/uploads\/sites\/15\/2019\/09\/AK-goerlitz-1000px-schatten.png\" alt=\"\" width=\"1000\" height=\"500\" srcset=\"https:\/\/stadt-adventskalender.de\/goerlitz2019\/wp-content\/uploads\/sites\/15\/2019\/09\/AK-goerlitz-1000px-schatten.png 1000w, https:\/\/stadt-adventskalender.de\/goerlitz2019\/wp-content\/uploads\/sites\/15\/2019\/09\/AK-goerlitz-1000px-schatten-300x150.png 300w, https:\/\/stadt-adventskalender.de\/goerlitz2019\/wp-content\/uploads\/sites\/15\/2019\/09\/AK-goerlitz-1000px-schatten-768x384.png 768w\" sizes=\"auto, (max-width: 1000px) 100vw, 1000px\" \/><\/p>\n<p>Ab dem 1. Dezember 2019 \u00f6ffnet sich auf dieser Seite jeden Tag ein T\u00fcrchen und spaziert mit Ihnen durch G\u00f6rlitz.<\/p>\n<p>Diesen und andere Adventskalender finden Sie ab Oktober im Onlineshop <a href=\"https:\/\/stadt-adventskalender.com\" target=\"_blank\" rel=\"noopener\">stadt-adventskalender.com<\/a><\/p>\n<p>M\u00f6chten Sie mehr zu den Kalendern erfahren? Dann lesen Sie <a href=\"https:\/\/stadt-adventskalender.de\/\">hier<\/a>.<br \/>\nIch freue mich auch \u00fcber eine Mail an <a href=\"mai&#108;&#116;&#111;&#x3a;&#x41;&#x73;&#x74;&#x72;&#x69;d_L&#97;&#110;&#103;&#101;&#x40;&#x67;&#x6d;&#x78;&#x2e;&#x64;e\">&#x41;&#115;&#x74;&#x72;&#105;&#x64;&#x5f;&#76;&#x61;&#x6e;&#103;&#x65;&#x40;g&#x6d;&#x78;&#46;&#x64;&#101;<\/a><\/p>\n","protected":false},"excerpt":{"rendered":"<p>Ab dem 1. Dezember 2019 \u00f6ffnet sich auf dieser Seite jeden Tag ein T\u00fcrchen und spaziert mit Ihnen durch G\u00f6rlitz. Diesen und andere Adventskalender finden Sie ab Oktober im Onlineshop stadt-adventskalender.com M\u00f6chten Sie mehr zu den Kalendern erfahren? Dann lesen Sie hier. Ich freue mich auch \u00fcber eine Mail an Astrid_Lange&#64;&#103;&#109;&#120;&#46;&#100;&#101;<\/p>\n","protected":false},"author":1,"featured_media":0,"parent":0,"menu_order":0,"comment_status":"closed","ping_status":"open","template":"","meta":{"footnotes":""},"class_list":["post-2","page","type-page","status-publish","hentry"],"translation":{"provider":"WPGlobus","version":"3.0.0","language":"en","enabled_languages":["de","en"],"languages":{"de":{"title":true,"content":true,"excerpt":false},"en":{"title":true,"content":false,"excerpt":false}}},"publishpress_future_action":{"enabled":false,"date":"2026-05-09 12:03:45","action":"change-status","newStatus":"draft","terms":[],"taxonomy":"","extraData":[]},"publishpress_future_workflow_manual_trigger":{"enabledWorkflows":[]},"_links":{"self":[{"href":"https:\/\/stadt-adventskalender.de\/goerlitz2019\/en\/wp-json\/wp\/v2\/pages\/2","targetHints":{"allow":["GET"]}}],"collection":[{"href":"https:\/\/stadt-adventskalender.de\/goerlitz2019\/en\/wp-json\/wp\/v2\/pages"}],"about":[{"href":"https:\/\/stadt-adventskalender.de\/goerlitz2019\/en\/wp-json\/wp\/v2\/types\/page"}],"author":[{"embeddable":true,"href":"https:\/\/stadt-adventskalender.de\/goerlitz2019\/en\/wp-json\/wp\/v2\/users\/1"}],"replies":[{"embeddable":true,"href":"https:\/\/stadt-adventskalender.de\/goerlitz2019\/en\/wp-json\/wp\/v2\/comments?post=2"}],"version-history":[{"count":2,"href":"https:\/\/stadt-adventskalender.de\/goerlitz2019\/en\/wp-json\/wp\/v2\/pages\/2\/revisions"}],"predecessor-version":[{"id":229,"href":"https:\/\/stadt-adventskalender.de\/goerlitz2019\/en\/wp-json\/wp\/v2\/pages\/2\/revisions\/229"}],"wp:attachment":[{"href":"https:\/\/stadt-adventskalender.de\/goerlitz2019\/en\/wp-json\/wp\/v2\/media?parent=2"}],"curies":[{"name":"wp","href":"https:\/\/api.w.org\/{rel}","templated":true}]}}

<p><img loading="lazy" decoding="async" class="alignnone size-full wp-image-6" src="https://stadt-adventskalender.de/goerlitz2019/wp-content/uploads/sites/15/2019/09/AK-goerlitz-1000px-schatten.png" alt="" width="1000" height="500" srcset="https://stadt-adventskalender.de/goerlitz2019/wp-content/uploads/sites/15/2019/09/AK-goerlitz-1000px-schatten.png 1000w, https://stadt-adventskalender.de/goerlitz2019/wp-content/uploads/sites/15/2019/09/AK-goerlitz-1000px-schatten-300x150.png 300w, https://stadt-adventskalender.de/goerlitz2019/wp-content/uploads/sites/15/2019/09/AK-goerlitz-1000px-schatten-768x384.png 768w" sizes="auto, (max-width: 1000px) 100vw, 1000px" /></p>
<p>Ab dem 1. Dezember 2019 öffnet sich auf dieser Seite jeden Tag ein Türchen und spaziert mit Ihnen durch Görlitz.</p>
<p>Diesen und andere Adventskalender finden Sie ab Oktober im Onlineshop <a href="https://stadt-adventskalender.com" target="_blank" rel="noopener">stadt-adventskalender.com</a></p>
<p>Möchten Sie mehr zu den Kalendern erfahren? Dann lesen Sie <a href="https://stadt-adventskalender.de/">hier</a>.<br />
Ich freue mich auch über eine Mail an <a href="mai&#108;&#116;&#111;&#x3a;&#x41;&#x73;&#x74;&#x72;&#x69;d_L&#97;&#110;&#103;&#101;&#x40;&#x67;&#x6d;&#x78;&#x2e;&#x64;e">&#x41;&#115;&#x74;&#x72;&#105;&#x64;&#x5f;&#76;&#x61;&#x6e;&#103;&#x65;&#x40;g&#x6d;&#x78;&#46;&#x64;&#101;</a></p>

<p>Ab dem 1. Dezember 2019 öffnet sich auf dieser Seite jeden Tag ein Türchen und spaziert mit Ihnen durch Görlitz. Diesen und andere Adventskalender finden Sie ab Oktober im Onlineshop stadt-adventskalender.com Möchten Sie mehr zu den Kalendern erfahren? Dann lesen Sie hier. Ich freue mich auch über eine Mail an Astrid_Lange&#64;&#103;&#109;&#120;&#46;&#100;&#101;</p>
