{"id":218,"date":"2017-11-22T20:35:16","date_gmt":"2017-11-22T19:35:16","guid":{"rendered":"http:\/\/stadt-adventskalender.de\/freiberg\/?page_id=218"},"modified":"2017-11-22T20:35:16","modified_gmt":"2017-11-22T19:35:16","slug":"startseite","status":"publish","type":"page","link":"https:\/\/stadt-adventskalender.de\/freiberg\/en\/","title":{"rendered":"Startseite"},"content":{"rendered":"<p><img loading=\"lazy\" decoding=\"async\" src=\"https:\/\/stadt-adventskalender.de\/freiberg\/wp-content\/uploads\/sites\/3\/2017\/11\/kalender-freiberg.png\" alt=\"\" width=\"732\" height=\"380\" class=\"alignnone size-full wp-image-209\" srcset=\"https:\/\/stadt-adventskalender.de\/freiberg\/wp-content\/uploads\/sites\/3\/2017\/11\/kalender-freiberg.png 732w, https:\/\/stadt-adventskalender.de\/freiberg\/wp-content\/uploads\/sites\/3\/2017\/11\/kalender-freiberg-300x156.png 300w\" sizes=\"auto, (max-width: 732px) 100vw, 732px\" \/><\/p>\n<p class=\"startseite\">Was steckt hinter den T\u00fcrchen?<br \/>\nAb dem 1. Dezember sehen Sie hier die T\u00fcrchenerkl\u00e4rungen f\u00fcr den Freiberger Adventskalender <\/p>\n","protected":false},"excerpt":{"rendered":"<p>Was steckt hinter den T\u00fcrchen? Ab dem 1. Dezember sehen Sie hier die T\u00fcrchenerkl\u00e4rungen f\u00fcr den Freiberger Adventskalender<\/p>\n","protected":false},"author":1,"featured_media":0,"parent":0,"menu_order":0,"comment_status":"closed","ping_status":"closed","template":"","meta":{"footnotes":""},"class_list":["post-218","page","type-page","status-publish","hentry"],"translation":{"provider":"WPGlobus","version":"3.0.0","language":"en","enabled_languages":["de","en"],"languages":{"de":{"title":true,"content":true,"excerpt":false},"en":{"title":false,"content":true,"excerpt":false}}},"publishpress_future_action":{"enabled":false,"date":"2026-05-09 11:34:45","action":"change-status","newStatus":"draft","terms":[],"taxonomy":"","extraData":[]},"publishpress_future_workflow_manual_trigger":{"enabledWorkflows":[]},"_links":{"self":[{"href":"https:\/\/stadt-adventskalender.de\/freiberg\/en\/wp-json\/wp\/v2\/pages\/218","targetHints":{"allow":["GET"]}}],"collection":[{"href":"https:\/\/stadt-adventskalender.de\/freiberg\/en\/wp-json\/wp\/v2\/pages"}],"about":[{"href":"https:\/\/stadt-adventskalender.de\/freiberg\/en\/wp-json\/wp\/v2\/types\/page"}],"author":[{"embeddable":true,"href":"https:\/\/stadt-adventskalender.de\/freiberg\/en\/wp-json\/wp\/v2\/users\/1"}],"replies":[{"embeddable":true,"href":"https:\/\/stadt-adventskalender.de\/freiberg\/en\/wp-json\/wp\/v2\/comments?post=218"}],"version-history":[{"count":2,"href":"https:\/\/stadt-adventskalender.de\/freiberg\/en\/wp-json\/wp\/v2\/pages\/218\/revisions"}],"predecessor-version":[{"id":220,"href":"https:\/\/stadt-adventskalender.de\/freiberg\/en\/wp-json\/wp\/v2\/pages\/218\/revisions\/220"}],"wp:attachment":[{"href":"https:\/\/stadt-adventskalender.de\/freiberg\/en\/wp-json\/wp\/v2\/media?parent=218"}],"curies":[{"name":"wp","href":"https:\/\/api.w.org\/{rel}","templated":true}]}}

<p><img loading="lazy" decoding="async" src="https://stadt-adventskalender.de/freiberg/wp-content/uploads/sites/3/2017/11/kalender-freiberg.png" alt="" width="732" height="380" class="alignnone size-full wp-image-209" srcset="https://stadt-adventskalender.de/freiberg/wp-content/uploads/sites/3/2017/11/kalender-freiberg.png 732w, https://stadt-adventskalender.de/freiberg/wp-content/uploads/sites/3/2017/11/kalender-freiberg-300x156.png 300w" sizes="auto, (max-width: 732px) 100vw, 732px" /></p>
<p class="startseite">Was steckt hinter den Türchen?<br />
Ab dem 1. Dezember sehen Sie hier die Türchenerklärungen für den Freiberger Adventskalender </p>

<p>Was steckt hinter den Türchen? Ab dem 1. Dezember sehen Sie hier die Türchenerklärungen für den Freiberger Adventskalender</p>
