{"id":223,"date":"2018-11-29T21:57:22","date_gmt":"2018-11-29T20:57:22","guid":{"rendered":"http:\/\/stadt-adventskalender.de\/bautzen\/?page_id=223"},"modified":"2018-11-29T21:57:22","modified_gmt":"2018-11-29T20:57:22","slug":"impressum","status":"publish","type":"page","link":"https:\/\/stadt-adventskalender.de\/bautzen\/impressum\/","title":{"rendered":"Impressum"},"content":{"rendered":"<h4>Impressum<\/h4>\n<p>Astrid Lange<br \/>\ninhaltlich verantwortlich gem\u00e4\u00df \u00a7 10, Absatz 3<br \/>\nMDStV: Astrid Lange<br \/>\nFinanzamt Prenzlauer Berg \/ Friedrichshain<br \/>\nSteuer-Nr: 31\/ 411 \/ 60823<\/p>\n<p>Astrid Lange<br \/>\nPrenzlauer Allee 149<br \/>\n10409 Berlin<br \/>\nTel. 030 4471 5883<br \/>\nMobil 0179 8022 221<\/p>\n<p>Idee, Illustration, Texte: Astrid Lange<br \/>\nWebdesign, Realisierung: Astrid Lange<\/p>\n<p>Trotz sorgf\u00e4ltiger inhaltlicher Kontrolle \u00fcbernehme ich keine Haftung f\u00fcr die Inhalte externer Links.<br \/>\nF\u00fcr den Inhalt der verlinkten Seiten sind ausschlie\u00dflich deren Betreiber verantwortlich.<\/p>\n","protected":false},"excerpt":{"rendered":"<p>Impressum Astrid Lange inhaltlich verantwortlich gem\u00e4\u00df \u00a7 10, Absatz 3 MDStV: Astrid Lange Finanzamt Prenzlauer Berg \/ Friedrichshain Steuer-Nr: 31\/ 411 \/ 60823 Astrid Lange Prenzlauer Allee 149 10409 Berlin Tel. 030 4471 5883 Mobil 0179 8022 221 Idee, Illustration, Texte: Astrid Lange Webdesign, Realisierung: Astrid Lange Trotz sorgf\u00e4ltiger inhaltlicher Kontrolle \u00fcbernehme ich keine Haftung &hellip; <a href=\"https:\/\/stadt-adventskalender.de\/bautzen\/impressum\/\" class=\"more-link\"><span class=\"screen-reader-text\">Impressum<\/span> weiterlesen<\/a><\/p>\n","protected":false},"author":1,"featured_media":0,"parent":0,"menu_order":0,"comment_status":"closed","ping_status":"closed","template":"","meta":{"footnotes":""},"class_list":["post-223","page","type-page","status-publish","hentry"],"translation":{"provider":"WPGlobus","version":"3.0.0","language":"de","enabled_languages":["de"],"languages":{"de":{"title":true,"content":true,"excerpt":false}}},"publishpress_future_action":{"enabled":false,"date":"2026-05-08 10:17:14","action":"change-status","newStatus":"draft","terms":[],"taxonomy":"","extraData":[]},"publishpress_future_workflow_manual_trigger":{"enabledWorkflows":[]},"_links":{"self":[{"href":"https:\/\/stadt-adventskalender.de\/bautzen\/wp-json\/wp\/v2\/pages\/223","targetHints":{"allow":["GET"]}}],"collection":[{"href":"https:\/\/stadt-adventskalender.de\/bautzen\/wp-json\/wp\/v2\/pages"}],"about":[{"href":"https:\/\/stadt-adventskalender.de\/bautzen\/wp-json\/wp\/v2\/types\/page"}],"author":[{"embeddable":true,"href":"https:\/\/stadt-adventskalender.de\/bautzen\/wp-json\/wp\/v2\/users\/1"}],"replies":[{"embeddable":true,"href":"https:\/\/stadt-adventskalender.de\/bautzen\/wp-json\/wp\/v2\/comments?post=223"}],"version-history":[{"count":2,"href":"https:\/\/stadt-adventskalender.de\/bautzen\/wp-json\/wp\/v2\/pages\/223\/revisions"}],"predecessor-version":[{"id":225,"href":"https:\/\/stadt-adventskalender.de\/bautzen\/wp-json\/wp\/v2\/pages\/223\/revisions\/225"}],"wp:attachment":[{"href":"https:\/\/stadt-adventskalender.de\/bautzen\/wp-json\/wp\/v2\/media?parent=223"}],"curies":[{"name":"wp","href":"https:\/\/api.w.org\/{rel}","templated":true}]}}

<h4>Impressum</h4>
<p>Astrid Lange<br />
inhaltlich verantwortlich gemäß § 10, Absatz 3<br />
MDStV: Astrid Lange<br />
Finanzamt Prenzlauer Berg / Friedrichshain<br />
Steuer-Nr: 31/ 411 / 60823</p>
<p>Astrid Lange<br />
Prenzlauer Allee 149<br />
10409 Berlin<br />
Tel. 030 4471 5883<br />
Mobil 0179 8022 221</p>
<p>Idee, Illustration, Texte: Astrid Lange<br />
Webdesign, Realisierung: Astrid Lange</p>
<p>Trotz sorgfältiger inhaltlicher Kontrolle übernehme ich keine Haftung für die Inhalte externer Links.<br />
Für den Inhalt der verlinkten Seiten sind ausschließlich deren Betreiber verantwortlich.</p>

<p>Impressum Astrid Lange inhaltlich verantwortlich gemäß § 10, Absatz 3 MDStV: Astrid Lange Finanzamt Prenzlauer Berg / Friedrichshain Steuer-Nr: 31/ 411 / 60823 Astrid Lange Prenzlauer Allee 149 10409 Berlin Tel. 030 4471 5883 Mobil 0179 8022 221 Idee, Illustration, Texte: Astrid Lange Webdesign, Realisierung: Astrid Lange Trotz sorgfältiger inhaltlicher Kontrolle übernehme ich keine Haftung &hellip; <a href="https://stadt-adventskalender.de/bautzen/impressum/" class="more-link"><span class="screen-reader-text">Impressum</span> weiterlesen</a></p>
